634?
2, 3, 7, 1759
What are the prime factors of 213245?
5, 42649
List the prime factors of 13841881.
13841881
List the prime factors of 169892.
2, 42473
List the prime factors of 350635.
5, 23, 3049
List the prime factors of 1542840.
2, 3, 5, 13, 23, 43
What are the prime factors of 5009443?
5009443
What are the prime factors of 145004?
2, 36251
List the prime factors of 52918.
2, 26459
List the prime factors of 509586.
2, 3, 7, 11, 1103
List the prime factors of 763634.
2, 381817
List the prime factors of 146008.
2, 18251
What are the prime factors of 129215?
5, 43, 601
What are the prime factors of 592868?
2, 103, 1439
List the prime factors of 20083409.
17, 239, 4943
What are the prime factors of 781087?
781087
What are the prime factors of 7595?
5, 7, 31
List the prime factors of 947596.
2, 13, 18223
What are the prime factors of 50418?
2, 3, 2801
List the prime factors of 652616.
2, 29, 97
What are the prime factors of 1267837?
1267837
What are the prime factors of 130265?
5, 26053
What are the prime factors of 230419?
7, 32917
List the prime factors of 3794487.
3, 1264829
List the prime factors of 2378419.
17, 139907
List the prime factors of 10924882.
2, 5462441
What are the prime factors of 230863?
230863
What are the prime factors of 3548773?
3548773
What are the prime factors of 2103336?
2, 3, 131, 223
What are the prime factors of 243897?
3, 81299
What are the prime factors of 24862514?
2, 43, 289099
List the prime factors of 56417.
56417
What are the prime factors of 2764517?
7, 394931
List the prime factors of 11866193.
107, 110899
List the prime factors of 23369076.
2, 3, 649141
What are the prime factors of 1256609?
41, 30649
What are the prime factors of 2274526?
2, 1137263
What are the prime factors of 300640?
2, 5, 1879
List the prime factors of 2144614.
2, 167, 6421
List the prime factors of 149033.
149033
List the prime factors of 839150.
2, 5, 13, 1291
What are the prime factors of 2732580?
2, 3, 5, 17, 19, 47
List the prime factors of 1055314.
2, 13, 37, 1097
What are the prime factors of 3520339?
19, 29, 6389
List the prime factors of 9649226.
2, 19, 271, 937
What are the prime factors of 122418?
2, 3, 2267
List the prime factors of 1003961.
7, 2927
List the prime factors of 50160.
2, 3, 5, 11, 19
List the prime factors of 1393044.
2, 3, 29, 4003
What are the prime factors of 2105646?
2, 3, 350941
List the prime factors of 2530745.
5, 7, 72307
What are the prime factors of 1357072?
2, 89, 953
List the prime factors of 33231384.
2, 3, 51283
What are the prime factors of 117279?
3, 83, 157
List the prime factors of 189359.
23, 8233
What are the prime factors of 7457402?
2, 661, 5641
List the prime factors of 416370.
2, 3, 5, 13879
List the prime factors of 1133109.
3, 4663
List the prime factors of 34201977.
3, 17, 670627
What are the prime factors of 1783017?
3, 19, 10427
List the prime factors of 392723.
392723
List the prime factors of 30908947.
1093, 28279
List the prime factors of 796343.
41, 19423
List the prime factors of 1706914.
2, 11, 77587
List the prime factors of 1095952.
2, 11, 13, 479
What are the prime factors of 3662662?
2, 1831331
List the prime factors of 1574456.
2, 13, 15139
What are the prime factors of 6079585?
5, 1215917
What are the prime factors of 165332?
2, 41333
List the prime factors of 1396203.
3, 223, 2087
What are the prime factors of 111639?
3, 11, 17, 199
List the prime factors of 10376782.
2, 13, 399107
List the prime factors of 613278.
2, 3, 41, 277
List the prime factors of 660749.
223, 2963
List the prime factors of 425299.
7, 60757
List the prime factors of 893387.
11, 241, 337
What are the prime factors of 152202?
2, 3, 25367
What are the prime factors of 1341257?
1341257
List the prime factors of 211217.
211217
List the prime factors of 29431356.
2, 3, 613, 4001
What are the prime factors of 126863?
11, 19, 607
What are the prime factors of 96442?
2, 48221
List the prime factors of 22588258.
2, 7, 11, 146677
What are the prime factors of 2504683?
881, 2843
List the prime factors of 15886465.
5, 7, 541, 839
What are the prime factors of 598091?
13, 3539
What are the prime factors of 2681883?
3, 71, 1399
What are the prime factors of 28055401?
11, 109, 23399
What are the prime factors of 39488?
2, 617
What are the prime factors of 12396377?
7, 1770911
List the prime factors of 1441861.
1009, 1429
List the prime factors of 21600985.
5, 7, 761, 811
List the prime factors of 191518.
2, 31, 3089
What are the prime factors of 6800313?
3, 13, 174367
List the prime factors of 4595160.
2, 3, 5, 149, 257
What are the prime factors of 1770413?
37, 59, 811
What are the prime factors of 253968?
2, 3, 11, 13, 37
List the prime factors of 8123135.
5, 1624627
What are the prime factors of 76189?
61, 1249
What are the prime factors of 1355621?
47, 28843
List the prime factors of 272341.
272341
List the prime factors of 4311568.
2, 269473
What are the prime factors of 216096?
2, 3, 2251
What are the prime factors of 867432?
2, 3, 47, 769
List the prime factors of 2148150.
2, 3, 5, 14321
What are the prime factors of 37392?
2, 3, 19, 41
List the prime factors of 4752888.
2, 3, 7, 19, 1489
What are the prime factors of 78124?
2, 19531
List the prime factors of 257717.
257717
List the prime factors of 6541622.
2, 151, 21661
List the prime factors of 3114003.
3, 1038001
List the prime factors of 6156474.
2, 3, 347, 2957
List the prime factors of 890869.
7, 18181
List the prime factors of 660814.
2, 7, 11, 613
What are the prime factors of 1005777?
3, 4139
What are the prime factors of 196774?
2, 98387
List the prime factors of 1187404.
2, 37, 71, 113
What are the prime factors of 2230480?
2, 5, 7, 569
What are the prime factors of 761167?
11, 69197
List the prime factors of 1848859.
1848859
List the prime factors of 3911844.
2, 3, 325987
List the prime factors of 2726485.
5, 139, 3923
What are the prime factors of 644126?
2, 7, 139, 331
List the prime factors of 1408406.
2, 773, 911
What are the prime factors of 80357?
107, 751
What are the prime factors of 1003434?
2, 3, 41, 4079
List the prime factors of 45464.
2, 5683
List the prime factors of 169807.
11, 43, 359
List the prime factors of 371966.
2, 7, 163
What are the prime factors of 34561895?
5, 43, 160753
What are the prime factors of 7029997?
13, 540769
What are the prime factors of 1288430?
2, 5, 11, 13, 17, 53
What are the prime factors of 805?
5, 7, 23
What are the prime factors of 2262791?
67, 33773
What are the prime factors of 12641599?
1993, 6343
What are the prime factors of 258078?
2, 3, 43013
List the prime factors of 1020998.
2, 11, 4219
List the prime factors of 511521.
3, 167, 1021
What are the prime factors of 669715?
5, 17, 7879
What are the prime factors of 1007289?
3, 37307
What are the prime factors of 3763936?
2, 11, 17, 37
List the prime factors of 296946.
2, 3, 13, 47
List the prime factors of 960910.
2, 5, 307, 313
List the prime factors of 90442.
2, 11, 4111
List the prime factors of 5734.
2, 47, 61
List the prime factors of 1358270.
2, 5, 37, 3671
What are the prime factors of 409172?
2, 102293
List the prime factors of 5971404.
2, 3, 41, 53, 229
List the prime factors of 7203057.
3, 2401019
What are the prime factors of 11445054?
2, 3, 1187, 1607
List the prime factors of 13247978.
2, 19, 59, 311
What are the prime factors of 22400238?
2, 3, 7, 29, 53, 347
What are the prime factors of 3212478?
2, 3, 317, 563
List the prime factors of 1419355.
5, 7, 107, 379
What are the prime factors of 229957?
7, 13, 19
List the prime factors of 499358.
2, 17, 19, 773
List the prime factors of 1553088.
2, 3, 8089
What are the prime factors of 98252?
2, 7, 11, 29
List the prime factors of 9745871.
1697, 5743
List the prime factors of 682616.
2, 11, 7757
List the prime factors of 17013176.
2, 67, 31741
List the prime factors of 11591973.
3, 1287997
List the prime factors of 6456446.
2, 3228223
What are the prime factors of 397313?
7, 211, 269
List the prime factors of 2090628.
2, 3, 58073
What are the prime factors of 4971743?
7, 823, 863
What are the prime factors of 80190?
2, 3, 5, 11
List the prime factors of 570168.
2, 3, 7919
What are the prime factors of 3109291?
139, 22369
What are the prime factors of 706038?
2, 3, 117673
Wh